{"id":44,"date":"2018-07-18T12:48:02","date_gmt":"2018-07-18T10:48:02","guid":{"rendered":"http:\/\/absolutesoftware.it\/?page_id=44"},"modified":"2025-09-10T13:06:17","modified_gmt":"2025-09-10T11:06:17","slug":"soluzioni-enterprise","status":"publish","type":"page","link":"https:\/\/absolutesoftware.it\/index.php\/soluzioni-enterprise\/","title":{"rendered":"Soluzioni Enterprise"},"content":{"rendered":"<p align=\"justify\"><strong>Soluzioni Enterprise\u00a0<\/strong>\u00e8 stato progettato per soddisfare qualsiasi tipo di necessit\u00e0 aziendale e tipologia di cliente. Il nostro obiettivo \u00e8 quello di garantire ai nostri utenti un gestionale integrato in grado di rispondere alle crescenti esigenze del mercato conservando immutate le caratteristiche che contraddistinguono i nostri software, semplicit\u00e0 nelle operazioni, men\u00f9 estremamente intuitivi ed interfaccia accattivante, ma elementare. Il software \u00e8 disponibile in due\u00a0versioni,\u00a0la versione \u201cProfessional\u201d, calibrata per realt\u00e0 di piccole dimensioni\u00a0e\u00a0la versione \u201cServer\u201d pi\u00f9 adatta a imprese dotate di una rete aziendale o a situazioni nelle quali \u00e8 utile una gestione multi aziendale. Soluzioni Enterprise, dal preventivo agli scadenzari cliente e fornitore, un gestione completo e dinamico per un&#8217;azienda al passo con i tempi.<\/p>\n<h4 align=\"justify\">Caratteristiche Soluzioni Enterprise<\/h4>\n<p align=\"justify\"><strong>Le novit\u00e0:\u00a0<\/strong>Gestione multi azienda, interfaccia con il software per la gestione della Contabilit\u00e0, accesso al programma con autenticazione dell\u2019utente attraverso l\u2019inserimento di operatore e password, gestione notifiche: attraverso questa funzionalit\u00e0 sar\u00e0 possibile inviare messaggi predefiniti, tramite e-mail o fax, relativamente all\u2019oggetto evidenziato. Ad esempio sar\u00e0 possibile mandare le conferme d\u2019ordine allegando alla mail l\u2019ordine stesso cos\u00ec come sar\u00e0 possibile notificare l\u2019arrivo a magazzino di un prodotto mancante e tutto questo semplicemente indicando il tipo di notifica che si desidera effettuare ed il destinatario. Questa funzionalit\u00e0 \u00e8 stata sviluppata in maniera talmente avanzata che \u00e8 semplicissimo personalizzare ed aggiungere nuovi messaggi di notifica. Gestione di un numero illimitato di listini, gestione anagrafica centralizzata (non avrete pi\u00f9 bisogno di duplicare le schede anagrafiche di un cliente che \u00e8 anche fornitore, etc), gestione categorie anagrafiche, gestione depositi, uffici, contatti, paesi e zone. Possibilit\u00e0 di personalizzazione completa dei moduli di stampa, nei pagamenti possibilit\u00e0 di attribuire ad ogni rata di pagamento una percentuale di incasso diversa. Ricerche potenziate, \u00e8 possibile effettuare ricerche tramite qualsiasi campo della scheda.<\/p>\n<p align=\"justify\"><strong>Prodotti:<\/strong> Gestione lotti, matricole, generazione varianti da modelli, gestione prodotti IVA inclusa, gestione foto, generazione e stampa catalogo prodotti (completamente personalizzabile), possibilit\u00e0 di associare i prodotti ad illimitate categorie merceologiche, valorizzazione magazzino attraverso sei tipi di valorizzazione, gestione sconti a percentuale e a prezzo.<\/p>\n<p align=\"justify\"><strong>Documenti (preventivi, ordini, bolle, fatture, proforma, note di credito, etc):<\/strong>\u00a0Evasione parziale ordini, procedura guidata attraverso la quale \u00e8 possibile gestire l\u2019evasione parziale degli ordini); Trasformazione documenti, procedura guidata attraverso la quale \u00e8 possibile trasformare automaticamente un documento in un altro, anche di altro tipo (es. preventivo in ordine, bolla in fattura, fatturazione differita quindicinale o mensile, etc); Visualizzazione storico documenti; Gestione distinta merce; Generazione automatica degli ordini ai fornitori in base alla giacenza dei prodotti in magazzino e all\u2019ordinato da cliente; Possibilit\u00e0 di stampare direttamente dal documento le schede prodotto degli articoli inseriti nel documento stesso (ad esempio Vi sar\u00e0 possibile stampare le schede di tutti i prodotti inclusi in un determinato preventivo); Stampa le etichette dei prodotti presenti nel documento; Calcolo automatico del peso e del volume dei prodotti inseriti nel documento; Calcolo delle spese di spedizione in base alla zona in cui \u00e8\u00a0necessario effettuare la consegna, etc.<\/p>\n<p align=\"justify\"><strong>Magazzino:<\/strong> Calcola Magazzino, consente di visualizzare l\u2019elenco dei prodotti giacenti in magazzino con le relative quantit\u00e0;<br \/>\nChiudi anno e movimenti inizio anno: procedura guidata attraverso la quale \u00e8 possibile a fine anno chiudere il magazzino con le unit\u00e0 giacenti e caricarlo delle stesse quantit\u00e0 nell\u2019anno successivo.<\/p>\n<h4>I punti di forza di Soluzioni Enterprise<\/h4>\n<p><strong>Sicurezza<\/strong>: La sicurezza \u00e8 garantita tramite la gestione degli operatori e dalla gestione dei diritti di questi, esistono infatti quattro livelli di sicurezza attraverso i quali l\u2019amministratore concede o nega le autorizzazioni ad effettuare determinate operazioni.<\/p>\n<p><strong>Affidabilit\u00e0 e performance<\/strong>: Il programma \u00e8 progettato per soddisfare le esigenze di diverse tipologie di utenti, mantenendo la massima affidabilit\u00e0. E\u2019 in grado di funzionare su un singolo PC o su una rete locale, conservando immutate le sue caratteristiche.<\/p>\n<p><strong>Scalabilit\u00e0<\/strong>: Una solida infrastruttura che vi lascia liberi di scegliere la base dati sulla quale sviluppare il vostro business. Infatti Soluzioni Enterprise pu\u00f2 utilizzare sia Microsoft Access che Microsoft SQL Server.<\/p>\n<h4>Licenza Software<\/h4>\n<p><a href=\"https:\/\/absolutesoftware.it\/index.php\/licenza-software-soluzioni-enterprise\/\" target=\"_blank\" rel=\"noopener\">Clicca qui<\/a>\u00a0per visualizzare i Termini e Condizioni del Contratto di Licenza<\/p>\n","protected":false},"excerpt":{"rendered":"<p>Soluzioni Enterprise\u00a0\u00e8 stato progettato per soddisfare qualsiasi tipo di necessit\u00e0 aziendale e tipologia di cliente. Il nostro obiettivo \u00e8 quello di garantire ai nostri utenti un gestionale integrato in grado di rispondere alle crescenti esigenze del mercato conservando immutate le caratteristiche che contraddistinguono i nostri software, semplicit\u00e0 nelle operazioni, men\u00f9 estremamente intuitivi ed interfaccia accattivante, [&hellip;]<\/p>\n","protected":false},"author":1,"featured_media":0,"parent":0,"menu_order":0,"comment_status":"closed","ping_status":"closed","template":"","meta":{"vkexunit_cta_each_option":"","footnotes":""},"class_list":["post-44","page","type-page","status-publish","hentry"],"_links":{"self":[{"href":"https:\/\/absolutesoftware.it\/index.php\/wp-json\/wp\/v2\/pages\/44","targetHints":{"allow":["GET"]}}],"collection":[{"href":"https:\/\/absolutesoftware.it\/index.php\/wp-json\/wp\/v2\/pages"}],"about":[{"href":"https:\/\/absolutesoftware.it\/index.php\/wp-json\/wp\/v2\/types\/page"}],"author":[{"embeddable":true,"href":"https:\/\/absolutesoftware.it\/index.php\/wp-json\/wp\/v2\/users\/1"}],"replies":[{"embeddable":true,"href":"https:\/\/absolutesoftware.it\/index.php\/wp-json\/wp\/v2\/comments?post=44"}],"version-history":[{"count":5,"href":"https:\/\/absolutesoftware.it\/index.php\/wp-json\/wp\/v2\/pages\/44\/revisions"}],"predecessor-version":[{"id":128,"href":"https:\/\/absolutesoftware.it\/index.php\/wp-json\/wp\/v2\/pages\/44\/revisions\/128"}],"wp:attachment":[{"href":"https:\/\/absolutesoftware.it\/index.php\/wp-json\/wp\/v2\/media?parent=44"}],"curies":[{"name":"wp","href":"https:\/\/api.w.org\/{rel}","templated":true}]}}